{"id":583,"date":"2024-04-17T09:50:12","date_gmt":"2024-04-17T07:50:12","guid":{"rendered":"https:\/\/www.silviapaneque.com\/parlament\/?page_id=583"},"modified":"2024-04-25T13:47:38","modified_gmt":"2024-04-25T11:47:38","slug":"silvia-paneque","status":"publish","type":"page","link":"https:\/\/www.silviapaneque.com\/parlament\/silvia-paneque\/","title":{"rendered":"SILVIA PANEQUE"},"content":{"rendered":"\t\t<div data-elementor-type=\"wp-page\" data-elementor-id=\"583\" class=\"elementor elementor-583\" data-elementor-settings=\"[]\">\n\t\t\t\t\t\t<div class=\"elementor-inner\">\n\t\t\t\t\t\t\t<div class=\"elementor-section-wrap\">\n\t\t\t\t\t\t\t<section data-particle_enable=\"false\" data-particle-mobile-disabled=\"false\" class=\"elementor-section elementor-top-section elementor-element elementor-element-981a8e7 elementor-section-full_width elementor-section-height-min-height elementor-section-items-stretch elementor-section-content-middle elementor-section-height-default\" data-id=\"981a8e7\" data-element_type=\"section\">\n\t\t\t\t\t\t<div class=\"elementor-container elementor-column-gap-no\">\n\t\t\t\t\t\t\t<div class=\"elementor-row\">\n\t\t\t\t\t<div class=\"elementor-column elementor-col-50 elementor-top-column elementor-element elementor-element-4b66219\" data-id=\"4b66219\" data-element_type=\"column\" data-settings=\"{&quot;background_background&quot;:&quot;slideshow&quot;,&quot;background_slideshow_gallery&quot;:[{&quot;id&quot;:636,&quot;url&quot;:&quot;https:\\\/\\\/www.silviapaneque.com\\\/parlament\\\/wp-content\\\/uploads\\\/2024\\\/04\\\/Si\\u0301lvia-6-scaled.jpg&quot;},{&quot;id&quot;:634,&quot;url&quot;:&quot;https:\\\/\\\/www.silviapaneque.com\\\/parlament\\\/wp-content\\\/uploads\\\/2024\\\/04\\\/Si\\u0301lvia-27-scaled.jpg&quot;},{&quot;id&quot;:612,&quot;url&quot;:&quot;https:\\\/\\\/www.silviapaneque.com\\\/parlament\\\/wp-content\\\/uploads\\\/2024\\\/04\\\/Si\\u0301lvia-scaled.jpg&quot;}],&quot;background_slideshow_slide_duration&quot;:3000,&quot;background_slideshow_loop&quot;:&quot;yes&quot;,&quot;background_slideshow_slide_transition&quot;:&quot;fade&quot;,&quot;background_slideshow_transition_duration&quot;:500}\">\n\t\t\t<div class=\"elementor-column-wrap elementor-element-populated\">\n\t\t\t\t\t\t\t<div class=\"elementor-widget-wrap\">\n\t\t\t\t\t\t<div class=\"elementor-element elementor-element-79f25083 elementor-widget elementor-widget-spacer\" data-id=\"79f25083\" data-element_type=\"widget\" data-widget_type=\"spacer.default\">\n\t\t\t\t<div class=\"elementor-widget-container\">\n\t\t\t\t\t<div class=\"elementor-spacer\">\n\t\t\t<div class=\"elementor-spacer-inner\"><\/div>\n\t\t<\/div>\n\t\t\t\t<\/div>\n\t\t\t\t<\/div>\n\t\t\t\t\t\t<\/div>\n\t\t\t\t\t<\/div>\n\t\t<\/div>\n\t\t\t\t<div class=\"elementor-column elementor-col-50 elementor-top-column elementor-element elementor-element-77a1a604\" data-id=\"77a1a604\" data-element_type=\"column\" data-settings=\"{&quot;background_background&quot;:&quot;classic&quot;}\">\n\t\t\t<div class=\"elementor-column-wrap elementor-element-populated\">\n\t\t\t\t\t\t\t<div class=\"elementor-widget-wrap\">\n\t\t\t\t\t\t<div class=\"elementor-element elementor-element-79df535 elementor-widget elementor-widget-heading\" data-id=\"79df535\" data-element_type=\"widget\" data-widget_type=\"heading.default\">\n\t\t\t\t<div class=\"elementor-widget-container\">\n\t\t\t<h2 class=\"elementor-heading-title elementor-size-default\">S\u00edlvia Paneque<\/h2>\t\t<\/div>\n\t\t\t\t<\/div>\n\t\t\t\t<div class=\"elementor-element elementor-element-78b1579 elementor-widget elementor-widget-spacer\" data-id=\"78b1579\" data-element_type=\"widget\" data-widget_type=\"spacer.default\">\n\t\t\t\t<div class=\"elementor-widget-container\">\n\t\t\t\t\t<div class=\"elementor-spacer\">\n\t\t\t<div class=\"elementor-spacer-inner\"><\/div>\n\t\t<\/div>\n\t\t\t\t<\/div>\n\t\t\t\t<\/div>\n\t\t\t\t<div class=\"elementor-element elementor-element-7fa3b22 elementor-widget elementor-widget-text-editor\" data-id=\"7fa3b22\" data-element_type=\"widget\" data-widget_type=\"text-editor.default\">\n\t\t\t\t<div class=\"elementor-widget-container\">\n\t\t\t\t\t<div class=\"elementor-text-editor elementor-clearfix\"><p>El meu nom \u00e9s S\u00edlvia Paneque i Sureda i vaig n\u00e9ixer l\u2019any 1972 a Girona. Soc mare de tres fills, en Ra\u00fcl de 23 anys, la Carme de 21 i en Tino de 13. Com passa el temps! La meva mare va n\u00e9ixer a Llagostera i el meu pare a Ca\u00f1ete la Real. Va ser orfe des de molt petit i va viure uns anys a Alemanya abans d\u2019arribar a Girona. Dels meus pares, vaig aprendre el valor de treballar i de defensar les coses que pensava, aprenentatge que he intentat transmetre als meus fills.<\/p><p><span style=\"color: var( --e-global-color-text );\">Actualment, soc la portaveu del grup municipal PSC \u2013 Girona pel Canvi i diputada al Parlament de Catalunya.<\/span><\/p><\/div>\n\t\t\t\t<\/div>\n\t\t\t\t<\/div>\n\t\t\t\t\t\t<\/div>\n\t\t\t\t\t<\/div>\n\t\t<\/div>\n\t\t\t\t\t\t\t\t<\/div>\n\t\t\t\t\t<\/div>\n\t\t<\/section>\n\t\t\t\t\t\t<\/div>\n\t\t\t\t\t\t<\/div>\n\t\t\t\t\t<\/div>\n\t\t","protected":false},"excerpt":{"rendered":"<p>S\u00edlvia Paneque El meu nom \u00e9s S\u00edlvia Paneque i Sureda i vaig n\u00e9ixer l\u2019any 1972 a Girona. Soc mare de tres fills, en Ra\u00fcl de 23 anys, la Carme de 21 i en Tino de 13. Com passa el temps! La meva mare va n\u00e9ixer a Llagostera i el meu pare a Ca\u00f1ete la Real.&hellip;&nbsp;<a href=\"https:\/\/www.silviapaneque.com\/parlament\/silvia-paneque\/\" class=\"\" rel=\"bookmark\">Read More &raquo;<span class=\"screen-reader-text\">SILVIA PANEQUE<\/span><\/a><\/p>\n","protected":false},"author":1,"featured_media":0,"parent":0,"menu_order":0,"comment_status":"closed","ping_status":"closed","template":"elementor_header_footer","meta":{"neve_meta_sidebar":"","neve_meta_container":"","neve_meta_enable_content_width":"","neve_meta_content_width":0,"neve_meta_title_alignment":"","neve_meta_author_avatar":"","neve_post_elements_order":"","neve_meta_disable_header":"","neve_meta_disable_footer":"","neve_meta_disable_title":"","neve_meta_reading_time":""},"_links":{"self":[{"href":"https:\/\/www.silviapaneque.com\/parlament\/wp-json\/wp\/v2\/pages\/583"}],"collection":[{"href":"https:\/\/www.silviapaneque.com\/parlament\/wp-json\/wp\/v2\/pages"}],"about":[{"href":"https:\/\/www.silviapaneque.com\/parlament\/wp-json\/wp\/v2\/types\/page"}],"author":[{"embeddable":true,"href":"https:\/\/www.silviapaneque.com\/parlament\/wp-json\/wp\/v2\/users\/1"}],"replies":[{"embeddable":true,"href":"https:\/\/www.silviapaneque.com\/parlament\/wp-json\/wp\/v2\/comments?post=583"}],"version-history":[{"count":42,"href":"https:\/\/www.silviapaneque.com\/parlament\/wp-json\/wp\/v2\/pages\/583\/revisions"}],"predecessor-version":[{"id":814,"href":"https:\/\/www.silviapaneque.com\/parlament\/wp-json\/wp\/v2\/pages\/583\/revisions\/814"}],"wp:attachment":[{"href":"https:\/\/www.silviapaneque.com\/parlament\/wp-json\/wp\/v2\/media?parent=583"}],"curies":[{"name":"wp","href":"https:\/\/api.w.org\/{rel}","templated":true}]}}